is b(6)?
-7
Let y(l) = -26*l**2 - l + 1. Give y(1).
-26
Let k(u) = u + 34. Determine k(-48).
-14
Let i(o) = o**2 + 7*o + 14. What is i(-6)?
8
Let n(v) = v**2 - 19*v + 7. Give n(19).
7
Let x(y) = y**2 - 6*y - 3. Determine x(-3).
24
Let r(w) = w**3 + 5*w**2 + w - 7. Give r(-4).
5
Let s(f) = f**3 - 2*f**2 - 7*f - 1. Give s(5).
39
Let h(t) = t**3 - 6*t**2 + 8*t - 28. Determine h(6).
20
Let l(b) = 10*b - 204. Determine l(23).
26
Let x(b) = b**3 + b**2 + 2*b + 11. Give x(0).
11
Let y(s) = -5*s**2 + s + 2. Give y(-3).
-46
Let z(c) = -8*c**2 - 32*c + 12. What is z(-5)?
-28
Let g(s) = s + 35. Determine g(-14).
21
Let h(w) = -4*w + 7. Determine h(2).
-1
Let w(d) = 9*d + 23. Determine w(-3).
-4
Let p(n) = -28*n - 28. What is p(-2)?
28
Let h(i) = -i + 8. Give h(15).
-7
Let l(s) = s + 10. Calculate l(-7).
3
Let c(a) = a - 12. Determine c(7).
-5
Let q(j) = 5*j + 21. Give q(-6).
-9
Let y(o) = o**3 + o**2 + 3*o. Determine y(0).
0
Let n(p) = -p**2 + 32*p - 1. Calculate n(31).
30
Let u(g) = -2*g + 41. Determine u(19).
3
Let q(b) = -6*b - 69. What is q(-11)?
-3
Let h(k) = 19*k - 1. Calculate h(-1).
-20
Let d(f) = -46*f + 128. What is d(3)?
-10
Let g(k) = -k + 10. Calculate g(16).
-6
Let a(p) = -p**3 + 10*p**2 + 2*p - 9. Calculate a(10).
11
Let t(g) = -8*g**2 + 9*g - 7. What is t(3)?
-52
Let n(o) = o**3 - 20*o**2 + 3*o + 9. What is n(20)?
69
Let k(f) = -f**3 + 5*f**2 - 8*f + 8. Give k(6).
-76
Let m(s) = -2*s - 12. Calculate m(-6).
0
Let o(s) = s**2 + 3*s - 3. Determine o(-6).
15
Let w(m) = -m**3 + 7*m**2 + 3*m - 6. Give w(7).
15
Let r(g) = g**2 - 9*g + 1. Give r(6).
-17
Let m(o) = o**3 + 7*o**2 + 12*o - 2. What is m(-2)?
-6
Let h(v) = 14*v. What is h(-1)?
-14
Let s(r) = 5*r**2 + 2*r + 3. Give s(-2).
19
Let r(v) = v + 30. Calculate r(-5).
25
Let q(m) = -24*m**3 + m**2 - m. Give q(1).
-24
Let c(g) = 12*g - 54. What is c(4)?
-6
Let t(p) = p**2 - 24*p - 55. Determine t(26).
-3
Let x(u) = u**3 + 13*u**2 + 13*u - 9. What is x(-12)?
-21
Let y(w) = -2*w**2 + 10*w + 13. Determine y(7).
-15
Let o(z) = z**2 + 6*z - 10. Give o(-7).
-3
Let a(y) = y**2 - 19. Determine a(5).
6
Let j(y) = 2*y**2 - 5. Give j(2).
3
Let q(n) = 4*n**2 + 2*n - 26. Determine q(-3).
4
Let f(r) = 4*r - 7. Calculate f(3).
5
Let s(l) = -l**3 + 22*l**2 - l + 45. Give s(22).
23
Let h(c) = c**3 - 7*c**2 - 8*c + 13. Calculate h(7).
-43
Let u(p) = -12*p + 6. Give u(2).
-18
Let b(k) = k + 1. Calculate b(-14).
-13
Let m(v) = v + 3. Calculate m(-7).
-4
Let i(x) = 3*x**2 + 12*x + 7. Determine i(-3).
-2
Let a(f) = f**3 + 10*f**2 - 11*f + 5. What is a(-11)?
5
Let w(y) = -2*y**2 + 2*y + 10. Calculate w(-3).
-14
Let a(k) = k**3 - 6*k**2 + 15*k - 42. Determine a(5).
8
Let p(g) = g**3 - 16*g**2 + 14*g + 16. Give p(15).
1
Let d(l) = -l**3 + 16*l**2 - 2*l + 14. Calculate d(16).
-18
Let t(b) = 4*b**3 + b**2 - 8*b - 2. Calculate t(-3).
-77
Let m(s) = -s**3 - 23*s**2 - 39*s + 31. What is m(-21)?
-32
Let l(r) = -37*r - 1. Calculate l(1).
-38
Let l(c) = -c**2 + 32*c - 245. Give l(14).
7
Let t(s) = -s**2 + 17*s - 72. Give t(7).
-2
Let l(c) = 5*c**2 + 30*c - 100. Calculate l(4).
100
Let t(m) = m**3 - 17*m**2 - 17*m - 24. Calculate t(18).
-6
Let t(i) = -7*i - 111. Calculate t(-17).
8
Let m(s) = 8*s**3 - s**2 - s - 1. Give m(-1).
-9
Let c(y) = -y**2 + 8*y + 27. Give c(12).
-21
Let b(g) = -g**2 - 2*g + 6. Give b(2).
-2
Let w(n) = -2*n**2 + 34*n - 123. Calculate w(12).
-3
Let r(u) = -u**3 + 21*u**2 + 35*u + 257. Calculate r(23).
4
Let v(m) = -m**2 - 24*m + 49. Give v(-26).
-3
Let y(h) = 15*h - 38. Calculate y(-8).
-158
Let v(t) = -10*t**3 + 2*t**2 - 1. Calculate v(1).
-9
Let a(i) = -2*i + 3. Determine a(1).
1
Let k(o) = 4*o - 31. Calculate k(8).
1
Let w(g) = -g - 1. Determine w(-6).
5
Let w(v) = -v**3 + 3*v**2 + 2*v - 1. Determine w(3).
5
Let v(k) = k**3 - 25*k**2 + 25*k + 14. What is v(24)?
38
Let j(t) = -2*t + 41. Determine j(18).
5
Let r(f) = -4*f - 101. Determine r(-26).
3
Let z(s) = -3*s - 133. What is z(-30)?
-43
Let v(w) = 4*w + 6. What is v(9)?
42
Let m(f) = -f**3 + 3*f**2 + 2*f - 2. What is m(4)?
-10
Let o(i) = -13*i + 20. Give o(4).
-32
Let b(y) = -y**2 - 14*y - 28. Calculate b(-14).
-28
Let p(n) = -37*n**2 - 2*n. Calculate p(1).
-39
Let o(s) = -s**3 - s**2 + 3*s - 31. Determine o(0).
-31
Let h(p) = -p**2 - 128*p - 1180. What is h(-10)?
0
Let x(l) = -2*l**3 + 73*l**2 + 38*l - 43. Calculate x(37).
-6
Let b(o) = 40*o + 2. Calculate b(-1).
-38
Let k(i) = i - 15. Determine k(7).
-8
Let g(w) = 21*w - 2. Give g(1).
19
Let n(b) = b**2 - 66*b + 356. Give n(6).
-4
Let q(i) = -2*i**2 - 6*i + 4. Give q(0).
4
Let n(c) = c**2 - 24*c - 3. What is n(24)?
-3
Let n(x) = 3*x**2 + 1. Give n(2).
13
Let a(o) = 2*o**3 + 3*o**2 - o - 1. Determine a(2).
25
Let n(y) = -y**2 - 61*y - 283. Determine n(-5).
-3
Let m(v) = v + 19. What is m(-15)?
4
Let t(o) = 4*o**2 + 5*o + 1. Determine t(4).
85
Let z(g) = g**3 - 6*g**2 + 5*g - 5. Give z(6).
25
Let m(a) = a**2 + 6*a - 3. Calculate m(-5).
-8
Let k(p) = -p**3 + 6*p**2 - 4*p + 25. Calculate k(6).
1
Let u(a) = a**3 + 13*a**2 - 13*a + 19. Calculate u(-14).
5
Let p(c) = c**2 + 5*c - 11. Calculate p(-11).
55
Let f(i) = i**3 - 7*i**2 + 6*i - 1. Give f(4).
-25
Let j(w) = -w**2 - 8*w + 13. Determine j(-9).
4
Let a(k) = -k**2 + 23*k + 7. Give a(23).
7
Let r(f) = 9*f + 13. What is r(-6)?
-41
Let f(o) = o**3 + 9*o**2 - 24*o - 11. Give f(-11).
11
Let t(p) = 6*p + 4. Give t(10).
64
Let a(p) = -p**3 - 4*p**2 - 3*p + 3. Determine a(-3).
3
Let s(b) = -2*b - 10. Determine s(-9).
8
Let v(g) = 7*g - 116. Calculate v(17).
3
Let b(p) = p**2 - 23*p - 12. What is b(20)?
-72
Let w(z) = -2*z**2 - 3*z - 3. Give w(-2).
-5
Let n(z) = z**3 + 25*z**2 - 2*z - 49. What is n(-25)?
1
Let v(h) = h**2 + 15*h + 11. Calculate v(-14).
-3
Let p(r) = 44*r + 291. What is p(-6)?
27
Let k(n) = -2*n**2 + 35*n - 10. Determine k(17).
7
Let u(g) = -2*g**3 - 4*g**2 - 2*g - 1. What is u(-3)?
23
Let q(w) = -w + 18. Give q(7).
11
Let a(b) = b**3 - 5*b**2 - b - 4. Give a(5).
-9
Let r(h) = 7*h**2 + 9*h + 13. Calculate r(-2).
23
Let t(h) = -h**3 - 18*h**2 - 19*h - 41. What is t(-17)?
-7
Let h(m) = m**2 + 7*m - 9. Give h(-8).
-1
Let a(r) = -3*r + 7. What is a(8)?
-17
Let z(d) = 16*d - 448. Determine z(28).
0
Let m(w) = w**3 - 2*w**2 + 4*w + 1. Determine m(-3).
-56
Let h(d) = -d**3 + 4*d**2 - 45*d + 81. What is h(2)?
-1
Let w(p) = 2*p**2 + 12*p - 5. What is w(-7)?
9
Let x(q) = -14*q**2 + q + 1. Give x(2).
-53
Let a(j) = -2*j - 1. Give a(1).
-3
Let x(p) = p + 52. Determine x(-22).
30
Let l(a) = -a**3 + 9*a**2 - 13*a + 24. Calculate l(9).
-93
Let l(o) = o + 16. What is l(-5)?
11
Let n(r) = -r**2 + 11*r + 9. What is n(12)?
-3
Let f(p) = 2*p**2 - 48*p + 16. Determine f(24).
16
Let a(q) = -q**2 + 9*q - 4. Determine a(8).
4
Let c(i) = -i**2 + 3*i. Determine c(5).
-10
Let t(w) = 7*w - 77. What is t(21)?
70
Let p(l) = -l**3 - 39*l**2 + 42*l + 94. Give p(-40).
14
Let r(p) = p**3 + 8*p**2 + 8*p - 9. Calculate r(-6).
15
Let w(f) = 3*f**2 + 71*f + 41. Calculate w(-23).
-5
Let f(b) = -13*b - 4. Give f(-1).
9
Let b(c) = -c**3 - 14*c**2 - 12*c + 9. Determine b(-13).
-4
Let c(f) = 53*f - 793. Give c(15).
2
Let q(m) = 216*m + 1308. Calculate q(-6).
12
Let h(f) = f**3 + 8*f**2 + 4*f - 10. Determine h(-8).
-42
Let k(b) = -b**3 + 11*b**2 - 2*b + 4. Give k(8).
180
Let f(z) = z**3 + 13*z**2 - 17. Determine f(-12).
127
Let w(r) = -r**2 - 5*r + 14. What is w(-7)?
0
Let m(l) = l**3 + 10*l**2 + 9*l - 1. Determine m(-9).
-1
Let o(a) = 4*a + 118. Give o(-28).
6
Let b(z) = 3*z**2 + 34*z + 8. Calculate b(-11).
-3
Let z(j) = -3*j - 4. What is z(5)?
-19
Let b(g) = 10*g - 3. What is b(1)?
7
Let k(y) = -y**3 - 22*y**2 + 49*y + 39. What is k(-24)?
15
Let y(z) = z**3 + 6*z**2 - 18*z + 12. Calculate y(-8).
28
Let x(i) = 22*i**2 - 3*i - 9. What is x(-2)?
85
Let p(j) = j + 1. Calculate p(-9).
-8
Let i(c) = -2*c**2 + 24*c + 55. Determine i(14).
-1
Let g(u) = u**2 - 13*u - 15. Calculate g(14).
-1
Let v(o) = -o**3 - 23*o**2 + 23*o + 34. What is v(-24)?
58
Let z(m) = -2*m**3 - 35*m**2 - 19*m - 41. Calculate z(-17).
-7
Let h(t) = -t**2 - 6*t + 7. Determine h(-6).
7
Let d(m) = -m**2 + 19*m - 38. Give d(11).
50
Let i(o) = o**3 - 6*o**2 + 3*o + 1. Calculate i(5).
-9
Let b(t) = t - 9. Calculate b(7).
-2
Let f(r) = r**2 - 15*r - 15. Calculate f(14).
-29
Let u(y) = -2*y**3 - 8*y**2 + 9*y + 19. Calculate 